{"id":12363,"date":"2021-12-23T18:56:19","date_gmt":"2021-12-23T18:56:19","guid":{"rendered":"https:\/\/premioluisvaltuena.org\/?post_type=finalistas&#038;p=12363"},"modified":"2022-01-19T17:35:01","modified_gmt":"2022-01-19T17:35:01","slug":"afghan-women","status":"publish","type":"finalistas","link":"https:\/\/premioluisvaltuena.org\/en\/finalistas\/2006\/lana-slezic\/afghan-women\/","title":{"rendered":"Afghan women"},"content":{"rendered":"\n<p>When the Taliban regime was overthrown in 2001, the media told stories about the disappearance of the burqa, the return of girls to schools, and the recovery of women&#8217;s rights and freedoms. At present, this is only true for a small number of women. Urban areas have seen some progress, but progress has been very little in rural areas. Forced marriages, child trafficking, isolation, self-immolation, domestic violence, and honor killings are just some of the problems Afghan girls and women face today.<\/p>\n","protected":false},"excerpt":{"rendered":"<p>When the Taliban regime was overthrown in 2001, the media told stories about the disappearance of the burqa, the return of girls to schools, and the recovery of women&#8217;s rights and freedoms. At present, this is only true for a small number of women. Urban areas have seen some progress, but progress has been very<\/p>\n","protected":false},"author":99,"featured_media":12357,"menu_order":145,"template":"","format":"standard","meta":{"_acf_changed":false,"inline_featured_image":false,"_monsterinsights_skip_tracking":false,"_monsterinsights_sitenote_active":false,"_monsterinsights_sitenote_note":"","_monsterinsights_sitenote_category":0,"footnotes":""},"edicion":[213],"class_list":["post-12363","finalistas","type-finalistas","status-publish","format-standard","has-post-thumbnail","hentry","edicion-213"],"acf":[],"yoast_head":"<!-- This site is optimized with the Yoast SEO plugin v27.4 - https:\/\/yoast.com\/product\/yoast-seo-wordpress\/ -->\n<title>Lana \u0160lezi\u0107 - Afghan women - Premio Luis Valtue\u00f1a<\/title>\n<meta name=\"robots\" content=\"index, follow, max-snippet:-1, max-image-preview:large, max-video-preview:-1\" \/>\n<link rel=\"canonical\" href=\"https:\/\/premioluisvaltuena.org\/en\/finalistas\/2006\/lana-slezic\/afghan-women\/\" \/>\n<meta property=\"og:locale\" content=\"en_US\" \/>\n<meta property=\"og:type\" content=\"article\" \/>\n<meta property=\"og:title\" content=\"Lana \u0160lezi\u0107 - Afghan women - Premio Luis Valtue\u00f1a\" \/>\n<meta property=\"og:description\" content=\"When the Taliban regime was overthrown in 2001, the media told stories about the disappearance of the burqa, the return of girls to schools, and the recovery of women&#8217;s rights and freedoms. At present, this is only true for a small number of women. Urban areas have seen some progress, but progress has been very\" \/>\n<meta property=\"og:url\" content=\"https:\/\/premioluisvaltuena.org\/en\/finalistas\/2006\/lana-slezic\/afghan-women\/\" \/>\n<meta property=\"og:site_name\" content=\"Premio Luis Valtue\u00f1a\" \/>\n<meta property=\"article:publisher\" content=\"https:\/\/www.facebook.com\/premioluisvaltuena\/\" \/>\n<meta property=\"article:modified_time\" content=\"2022-01-19T17:35:01+00:00\" \/>\n<meta property=\"og:image\" content=\"https:\/\/premioluisvaltuena.org\/wp-content\/uploads\/2021\/12\/10_Premio-Especial_Lana-Kristina-Slezic_2006-1_web.jpg\" \/>\n\t<meta property=\"og:image:width\" content=\"1980\" \/>\n\t<meta property=\"og:image:height\" content=\"1483\" \/>\n\t<meta property=\"og:image:type\" content=\"image\/jpeg\" \/>\n<meta name=\"twitter:card\" content=\"summary_large_image\" \/>\n<meta name=\"twitter:label1\" content=\"Est. reading time\" \/>\n\t<meta name=\"twitter:data1\" content=\"1 minute\" \/>\n<script type=\"application\/ld+json\" class=\"yoast-schema-graph\">{\"@context\":\"https:\\\/\\\/schema.org\",\"@graph\":[{\"@type\":\"WebPage\",\"@id\":\"https:\\\/\\\/premioluisvaltuena.org\\\/en\\\/finalistas\\\/2006\\\/lana-slezic\\\/afghan-women\\\/\",\"url\":\"https:\\\/\\\/premioluisvaltuena.org\\\/en\\\/finalistas\\\/2006\\\/lana-slezic\\\/afghan-women\\\/\",\"name\":\"Lana \u0160lezi\u0107 - Afghan women - Premio Luis Valtue\u00f1a\",\"isPartOf\":{\"@id\":\"https:\\\/\\\/premioluisvaltuena.org\\\/#website\"},\"primaryImageOfPage\":{\"@id\":\"https:\\\/\\\/premioluisvaltuena.org\\\/en\\\/finalistas\\\/2006\\\/lana-slezic\\\/afghan-women\\\/#primaryimage\"},\"image\":{\"@id\":\"https:\\\/\\\/premioluisvaltuena.org\\\/en\\\/finalistas\\\/2006\\\/lana-slezic\\\/afghan-women\\\/#primaryimage\"},\"thumbnailUrl\":\"https:\\\/\\\/premioluisvaltuena.org\\\/wp-content\\\/uploads\\\/2021\\\/12\\\/10_Premio-Especial_Lana-Kristina-Slezic_2006-1_web.jpg\",\"datePublished\":\"2021-12-23T18:56:19+00:00\",\"dateModified\":\"2022-01-19T17:35:01+00:00\",\"breadcrumb\":{\"@id\":\"https:\\\/\\\/premioluisvaltuena.org\\\/en\\\/finalistas\\\/2006\\\/lana-slezic\\\/afghan-women\\\/#breadcrumb\"},\"inLanguage\":\"en-US\",\"potentialAction\":[{\"@type\":\"ReadAction\",\"target\":[\"https:\\\/\\\/premioluisvaltuena.org\\\/en\\\/finalistas\\\/2006\\\/lana-slezic\\\/afghan-women\\\/\"]}]},{\"@type\":\"ImageObject\",\"inLanguage\":\"en-US\",\"@id\":\"https:\\\/\\\/premioluisvaltuena.org\\\/en\\\/finalistas\\\/2006\\\/lana-slezic\\\/afghan-women\\\/#primaryimage\",\"url\":\"https:\\\/\\\/premioluisvaltuena.org\\\/wp-content\\\/uploads\\\/2021\\\/12\\\/10_Premio-Especial_Lana-Kristina-Slezic_2006-1_web.jpg\",\"contentUrl\":\"https:\\\/\\\/premioluisvaltuena.org\\\/wp-content\\\/uploads\\\/2021\\\/12\\\/10_Premio-Especial_Lana-Kristina-Slezic_2006-1_web.jpg\",\"width\":1980,\"height\":1483,\"caption\":\"This image was taken on election day in Kabul, October 9, 2004 - the first time women were given the right to vote in a democratic election in Afghanistan. Despite inflated numbers and a fraudulent electoral process, women in Kabul - at least some of them - voted of their own free will. In rural regions, it was more likely the case that women (most of whom are illiterate) voted for whomever their husbands, fathers and brothers told them to vote for.This image was taken just after four women voted at a high school in Kabul.\"},{\"@type\":\"BreadcrumbList\",\"@id\":\"https:\\\/\\\/premioluisvaltuena.org\\\/en\\\/finalistas\\\/2006\\\/lana-slezic\\\/afghan-women\\\/#breadcrumb\",\"itemListElement\":[{\"@type\":\"ListItem\",\"position\":1,\"name\":\"Portada\",\"item\":\"https:\\\/\\\/premioluisvaltuena.org\\\/en\\\/\"},{\"@type\":\"ListItem\",\"position\":2,\"name\":\"Afghan women\"}]},{\"@type\":\"WebSite\",\"@id\":\"https:\\\/\\\/premioluisvaltuena.org\\\/#website\",\"url\":\"https:\\\/\\\/premioluisvaltuena.org\\\/\",\"name\":\"Premio Internacional Luis Valtue\u00f1a Fotograf\u00eda Humanitaria\",\"description\":\"\",\"publisher\":{\"@id\":\"https:\\\/\\\/premioluisvaltuena.org\\\/#organization\"},\"potentialAction\":[{\"@type\":\"SearchAction\",\"target\":{\"@type\":\"EntryPoint\",\"urlTemplate\":\"https:\\\/\\\/premioluisvaltuena.org\\\/?s={search_term_string}\"},\"query-input\":{\"@type\":\"PropertyValueSpecification\",\"valueRequired\":true,\"valueName\":\"search_term_string\"}}],\"inLanguage\":\"en-US\"},{\"@type\":\"Organization\",\"@id\":\"https:\\\/\\\/premioluisvaltuena.org\\\/#organization\",\"name\":\"Premio Internacional Luis Valtue\u00f1a Fotograf\u00eda Humanitaria\",\"url\":\"https:\\\/\\\/premioluisvaltuena.org\\\/\",\"logo\":{\"@type\":\"ImageObject\",\"inLanguage\":\"en-US\",\"@id\":\"https:\\\/\\\/premioluisvaltuena.org\\\/#\\\/schema\\\/logo\\\/image\\\/\",\"url\":\"https:\\\/\\\/premioluisvaltuena.org\\\/wp-content\\\/uploads\\\/2020\\\/08\\\/Logo-2020.png\",\"contentUrl\":\"https:\\\/\\\/premioluisvaltuena.org\\\/wp-content\\\/uploads\\\/2020\\\/08\\\/Logo-2020.png\",\"width\":1920,\"height\":1280,\"caption\":\"Premio Internacional Luis Valtue\u00f1a Fotograf\u00eda Humanitaria\"},\"image\":{\"@id\":\"https:\\\/\\\/premioluisvaltuena.org\\\/#\\\/schema\\\/logo\\\/image\\\/\"},\"sameAs\":[\"https:\\\/\\\/www.facebook.com\\\/premioluisvaltuena\\\/\",\"https:\\\/\\\/www.instagram.com\\\/premioluisvaltuena\\\/\",\"https:\\\/\\\/www.youtube.com\\\/playlist?list=PLXPK1-jJZbACLMAIKz7pej4avPCcdrmkn\",\"https:\\\/\\\/es.wikipedia.org\\\/wiki\\\/Premio_Internacional_Luis_Valtue\u00f1a_de_Fotograf\u00eda_Humanitaria\"]}]}<\/script>\n<!-- \/ Yoast SEO plugin. -->","yoast_head_json":{"title":"Lana \u0160lezi\u0107 - Afghan women - Premio Luis Valtue\u00f1a","robots":{"index":"index","follow":"follow","max-snippet":"max-snippet:-1","max-image-preview":"max-image-preview:large","max-video-preview":"max-video-preview:-1"},"canonical":"https:\/\/premioluisvaltuena.org\/en\/finalistas\/2006\/lana-slezic\/afghan-women\/","og_locale":"en_US","og_type":"article","og_title":"Lana \u0160lezi\u0107 - Afghan women - Premio Luis Valtue\u00f1a","og_description":"When the Taliban regime was overthrown in 2001, the media told stories about the disappearance of the burqa, the return of girls to schools, and the recovery of women&#8217;s rights and freedoms. At present, this is only true for a small number of women. Urban areas have seen some progress, but progress has been very","og_url":"https:\/\/premioluisvaltuena.org\/en\/finalistas\/2006\/lana-slezic\/afghan-women\/","og_site_name":"Premio Luis Valtue\u00f1a","article_publisher":"https:\/\/www.facebook.com\/premioluisvaltuena\/","article_modified_time":"2022-01-19T17:35:01+00:00","og_image":[{"width":1980,"height":1483,"url":"https:\/\/premioluisvaltuena.org\/wp-content\/uploads\/2021\/12\/10_Premio-Especial_Lana-Kristina-Slezic_2006-1_web.jpg","type":"image\/jpeg"}],"twitter_card":"summary_large_image","twitter_misc":{"Est. reading time":"1 minute"},"schema":{"@context":"https:\/\/schema.org","@graph":[{"@type":"WebPage","@id":"https:\/\/premioluisvaltuena.org\/en\/finalistas\/2006\/lana-slezic\/afghan-women\/","url":"https:\/\/premioluisvaltuena.org\/en\/finalistas\/2006\/lana-slezic\/afghan-women\/","name":"Lana \u0160lezi\u0107 - Afghan women - Premio Luis Valtue\u00f1a","isPartOf":{"@id":"https:\/\/premioluisvaltuena.org\/#website"},"primaryImageOfPage":{"@id":"https:\/\/premioluisvaltuena.org\/en\/finalistas\/2006\/lana-slezic\/afghan-women\/#primaryimage"},"image":{"@id":"https:\/\/premioluisvaltuena.org\/en\/finalistas\/2006\/lana-slezic\/afghan-women\/#primaryimage"},"thumbnailUrl":"https:\/\/premioluisvaltuena.org\/wp-content\/uploads\/2021\/12\/10_Premio-Especial_Lana-Kristina-Slezic_2006-1_web.jpg","datePublished":"2021-12-23T18:56:19+00:00","dateModified":"2022-01-19T17:35:01+00:00","breadcrumb":{"@id":"https:\/\/premioluisvaltuena.org\/en\/finalistas\/2006\/lana-slezic\/afghan-women\/#breadcrumb"},"inLanguage":"en-US","potentialAction":[{"@type":"ReadAction","target":["https:\/\/premioluisvaltuena.org\/en\/finalistas\/2006\/lana-slezic\/afghan-women\/"]}]},{"@type":"ImageObject","inLanguage":"en-US","@id":"https:\/\/premioluisvaltuena.org\/en\/finalistas\/2006\/lana-slezic\/afghan-women\/#primaryimage","url":"https:\/\/premioluisvaltuena.org\/wp-content\/uploads\/2021\/12\/10_Premio-Especial_Lana-Kristina-Slezic_2006-1_web.jpg","contentUrl":"https:\/\/premioluisvaltuena.org\/wp-content\/uploads\/2021\/12\/10_Premio-Especial_Lana-Kristina-Slezic_2006-1_web.jpg","width":1980,"height":1483,"caption":"This image was taken on election day in Kabul, October 9, 2004 - the first time women were given the right to vote in a democratic election in Afghanistan. Despite inflated numbers and a fraudulent electoral process, women in Kabul - at least some of them - voted of their own free will. In rural regions, it was more likely the case that women (most of whom are illiterate) voted for whomever their husbands, fathers and brothers told them to vote for.This image was taken just after four women voted at a high school in Kabul."},{"@type":"BreadcrumbList","@id":"https:\/\/premioluisvaltuena.org\/en\/finalistas\/2006\/lana-slezic\/afghan-women\/#breadcrumb","itemListElement":[{"@type":"ListItem","position":1,"name":"Portada","item":"https:\/\/premioluisvaltuena.org\/en\/"},{"@type":"ListItem","position":2,"name":"Afghan women"}]},{"@type":"WebSite","@id":"https:\/\/premioluisvaltuena.org\/#website","url":"https:\/\/premioluisvaltuena.org\/","name":"Premio Internacional Luis Valtue\u00f1a Fotograf\u00eda Humanitaria","description":"","publisher":{"@id":"https:\/\/premioluisvaltuena.org\/#organization"},"potentialAction":[{"@type":"SearchAction","target":{"@type":"EntryPoint","urlTemplate":"https:\/\/premioluisvaltuena.org\/?s={search_term_string}"},"query-input":{"@type":"PropertyValueSpecification","valueRequired":true,"valueName":"search_term_string"}}],"inLanguage":"en-US"},{"@type":"Organization","@id":"https:\/\/premioluisvaltuena.org\/#organization","name":"Premio Internacional Luis Valtue\u00f1a Fotograf\u00eda Humanitaria","url":"https:\/\/premioluisvaltuena.org\/","logo":{"@type":"ImageObject","inLanguage":"en-US","@id":"https:\/\/premioluisvaltuena.org\/#\/schema\/logo\/image\/","url":"https:\/\/premioluisvaltuena.org\/wp-content\/uploads\/2020\/08\/Logo-2020.png","contentUrl":"https:\/\/premioluisvaltuena.org\/wp-content\/uploads\/2020\/08\/Logo-2020.png","width":1920,"height":1280,"caption":"Premio Internacional Luis Valtue\u00f1a Fotograf\u00eda Humanitaria"},"image":{"@id":"https:\/\/premioluisvaltuena.org\/#\/schema\/logo\/image\/"},"sameAs":["https:\/\/www.facebook.com\/premioluisvaltuena\/","https:\/\/www.instagram.com\/premioluisvaltuena\/","https:\/\/www.youtube.com\/playlist?list=PLXPK1-jJZbACLMAIKz7pej4avPCcdrmkn","https:\/\/es.wikipedia.org\/wiki\/Premio_Internacional_Luis_Valtue\u00f1a_de_Fotograf\u00eda_Humanitaria"]}]}},"_links":{"self":[{"href":"https:\/\/premioluisvaltuena.org\/en\/wp-json\/wp\/v2\/finalistas\/12363","targetHints":{"allow":["GET"]}}],"collection":[{"href":"https:\/\/premioluisvaltuena.org\/en\/wp-json\/wp\/v2\/finalistas"}],"about":[{"href":"https:\/\/premioluisvaltuena.org\/en\/wp-json\/wp\/v2\/types\/finalistas"}],"author":[{"embeddable":true,"href":"https:\/\/premioluisvaltuena.org\/en\/wp-json\/wp\/v2\/users\/99"}],"version-history":[{"count":7,"href":"https:\/\/premioluisvaltuena.org\/en\/wp-json\/wp\/v2\/finalistas\/12363\/revisions"}],"predecessor-version":[{"id":13237,"href":"https:\/\/premioluisvaltuena.org\/en\/wp-json\/wp\/v2\/finalistas\/12363\/revisions\/13237"}],"wp:featuredmedia":[{"embeddable":true,"href":"https:\/\/premioluisvaltuena.org\/en\/wp-json\/wp\/v2\/media\/12357"}],"wp:attachment":[{"href":"https:\/\/premioluisvaltuena.org\/en\/wp-json\/wp\/v2\/media?parent=12363"}],"wp:term":[{"taxonomy":"edicion","embeddable":true,"href":"https:\/\/premioluisvaltuena.org\/en\/wp-json\/wp\/v2\/edicion?post=12363"}],"curies":[{"name":"wp","href":"https:\/\/api.w.org\/{rel}","templated":true}]}}

<!-- This site is optimized with the Yoast SEO plugin v27.4 - https://yoast.com/product/yoast-seo-wordpress/ -->
<title>Lana Šlezić - Afghan women - Premio Luis Valtueña</title>
<meta name="robots" content="index, follow, max-snippet:-1, max-image-preview:large, max-video-preview:-1" />
<link rel="canonical" href="https://premioluisvaltuena.org/en/finalistas/2006/lana-slezic/afghan-women/" />
<meta property="og:locale" content="en_US" />
<meta property="og:type" content="article" />
<meta property="og:title" content="Lana Šlezić - Afghan women - Premio Luis Valtueña" />
<meta property="og:description" content="When the Taliban regime was overthrown in 2001, the media told stories about the disappearance of the burqa, the return of girls to schools, and the recovery of women&#8217;s rights and freedoms. At present, this is only true for a small number of women. Urban areas have seen some progress, but progress has been very" />
<meta property="og:url" content="https://premioluisvaltuena.org/en/finalistas/2006/lana-slezic/afghan-women/" />
<meta property="og:site_name" content="Premio Luis Valtueña" />
<meta property="article:publisher" content="https://www.facebook.com/premioluisvaltuena/" />
<meta property="article:modified_time" content="2022-01-19T17:35:01+00:00" />
<meta property="og:image" content="https://premioluisvaltuena.org/wp-content/uploads/2021/12/10_Premio-Especial_Lana-Kristina-Slezic_2006-1_web.jpg" />
	<meta property="og:image:width" content="1980" />
	<meta property="og:image:height" content="1483" />
	<meta property="og:image:type" content="image/jpeg" />
<meta name="twitter:card" content="summary_large_image" />
<meta name="twitter:label1" content="Est. reading time" />
	<meta name="twitter:data1" content="1 minute" />
<script type="application/ld+json" class="yoast-schema-graph">{"@context":"https:\/\/schema.org","@graph":[{"@type":"WebPage","@id":"https:\/\/premioluisvaltuena.org\/en\/finalistas\/2006\/lana-slezic\/afghan-women\/","url":"https:\/\/premioluisvaltuena.org\/en\/finalistas\/2006\/lana-slezic\/afghan-women\/","name":"Lana Šlezić - Afghan women - Premio Luis Valtueña","isPartOf":{"@id":"https:\/\/premioluisvaltuena.org\/#website"},"primaryImageOfPage":{"@id":"https:\/\/premioluisvaltuena.org\/en\/finalistas\/2006\/lana-slezic\/afghan-women\/#primaryimage"},"image":{"@id":"https:\/\/premioluisvaltuena.org\/en\/finalistas\/2006\/lana-slezic\/afghan-women\/#primaryimage"},"thumbnailUrl":"https:\/\/premioluisvaltuena.org\/wp-content\/uploads\/2021\/12\/10_Premio-Especial_Lana-Kristina-Slezic_2006-1_web.jpg","datePublished":"2021-12-23T18:56:19+00:00","dateModified":"2022-01-19T17:35:01+00:00","breadcrumb":{"@id":"https:\/\/premioluisvaltuena.org\/en\/finalistas\/2006\/lana-slezic\/afghan-women\/#breadcrumb"},"inLanguage":"en-US","potentialAction":[{"@type":"ReadAction","target":["https:\/\/premioluisvaltuena.org\/en\/finalistas\/2006\/lana-slezic\/afghan-women\/"]}]},{"@type":"ImageObject","inLanguage":"en-US","@id":"https:\/\/premioluisvaltuena.org\/en\/finalistas\/2006\/lana-slezic\/afghan-women\/#primaryimage","url":"https:\/\/premioluisvaltuena.org\/wp-content\/uploads\/2021\/12\/10_Premio-Especial_Lana-Kristina-Slezic_2006-1_web.jpg","contentUrl":"https:\/\/premioluisvaltuena.org\/wp-content\/uploads\/2021\/12\/10_Premio-Especial_Lana-Kristina-Slezic_2006-1_web.jpg","width":1980,"height":1483,"caption":"This image was taken on election day in Kabul, October 9, 2004 - the first time women were given the right to vote in a democratic election in Afghanistan. Despite inflated numbers and a fraudulent electoral process, women in Kabul - at least some of them - voted of their own free will. In rural regions, it was more likely the case that women (most of whom are illiterate) voted for whomever their husbands, fathers and brothers told them to vote for.This image was taken just after four women voted at a high school in Kabul."},{"@type":"BreadcrumbList","@id":"https:\/\/premioluisvaltuena.org\/en\/finalistas\/2006\/lana-slezic\/afghan-women\/#breadcrumb","itemListElement":[{"@type":"ListItem","position":1,"name":"Portada","item":"https:\/\/premioluisvaltuena.org\/en\/"},{"@type":"ListItem","position":2,"name":"Afghan women"}]},{"@type":"WebSite","@id":"https:\/\/premioluisvaltuena.org\/#website","url":"https:\/\/premioluisvaltuena.org\/","name":"Premio Internacional Luis Valtueña Fotografía Humanitaria","description":"","publisher":{"@id":"https:\/\/premioluisvaltuena.org\/#organization"},"potentialAction":[{"@type":"SearchAction","target":{"@type":"EntryPoint","urlTemplate":"https:\/\/premioluisvaltuena.org\/?s={search_term_string}"},"query-input":{"@type":"PropertyValueSpecification","valueRequired":true,"valueName":"search_term_string"}}],"inLanguage":"en-US"},{"@type":"Organization","@id":"https:\/\/premioluisvaltuena.org\/#organization","name":"Premio Internacional Luis Valtueña Fotografía Humanitaria","url":"https:\/\/premioluisvaltuena.org\/","logo":{"@type":"ImageObject","inLanguage":"en-US","@id":"https:\/\/premioluisvaltuena.org\/#\/schema\/logo\/image\/","url":"https:\/\/premioluisvaltuena.org\/wp-content\/uploads\/2020\/08\/Logo-2020.png","contentUrl":"https:\/\/premioluisvaltuena.org\/wp-content\/uploads\/2020\/08\/Logo-2020.png","width":1920,"height":1280,"caption":"Premio Internacional Luis Valtueña Fotografía Humanitaria"},"image":{"@id":"https:\/\/premioluisvaltuena.org\/#\/schema\/logo\/image\/"},"sameAs":["https:\/\/www.facebook.com\/premioluisvaltuena\/","https:\/\/www.instagram.com\/premioluisvaltuena\/","https:\/\/www.youtube.com\/playlist?list=PLXPK1-jJZbACLMAIKz7pej4avPCcdrmkn","https:\/\/es.wikipedia.org\/wiki\/Premio_Internacional_Luis_Valtueña_de_Fotografía_Humanitaria"]}]}</script>
<!-- / Yoast SEO plugin. -->

Lana Šlezić - Afghan women - Premio Luis Valtueña

Premio Luis Valtueña

Premio Internacional Luis Valtueña Fotografía Humanitaria

https://es.wikipedia.org/wiki/Premio_Internacional_Luis_Valtueña_de_Fotografía_Humanitaria
