{"id":11801,"date":"2021-12-13T12:28:07","date_gmt":"2021-12-13T12:28:07","guid":{"rendered":"https:\/\/premioluisvaltuena.org\/finalistas\/%edicion%\/katy\/miseria-en-la-pobreza\/"},"modified":"2022-01-19T17:33:19","modified_gmt":"2022-01-19T17:33:19","slug":"miseria-en-la-pobreza","status":"publish","type":"finalistas","link":"https:\/\/premioluisvaltuena.org\/en\/finalistas\/2007\/katy\/miseria-en-la-pobreza\/","title":{"rendered":"Misery in poverty"},"content":{"rendered":"\n<p>There is no need to go to Africa to find shame and social exclusion. Next door to our comfortable lives, men, women and children as illegal immigrants, try to escape from their harsh daily reality. Our society, expected to be idyllic, reproduces instead the misery they have tried to escape from.<\/p>\n\n\n\n<p>In the Cazorla Mountains, Segura and Las Villas in Ja\u00e9n, Spain, at the beginning of the olive harvest several families are evicted from a ruined house occupied by them as a shelter. This location is a few kilometers away from luxurious hotels. The images reflect those of poor countries where only a few kilometers separate their situation from luxurious hotels. Misery is even more cruel and decrepit when poverty and social exclusion share the same bed.<\/p>\n","protected":false},"excerpt":{"rendered":"<p>There is no need to go to Africa to find shame and social exclusion. Next door to our comfortable lives, men, women and children as illegal immigrants, try to escape from their harsh daily reality. Our society, expected to be idyllic, reproduces instead the misery they have tried to escape from. In the Cazorla Mountains,<\/p>\n","protected":false},"author":77,"featured_media":11798,"menu_order":217,"template":"","format":"standard","meta":{"_acf_changed":false,"inline_featured_image":false,"_monsterinsights_skip_tracking":false,"_monsterinsights_sitenote_active":false,"_monsterinsights_sitenote_note":"","_monsterinsights_sitenote_category":0,"footnotes":""},"edicion":[216],"class_list":["post-11801","finalistas","type-finalistas","status-publish","format-standard","has-post-thumbnail","hentry","edicion-216"],"acf":[],"yoast_head":"<!-- This site is optimized with the Yoast SEO plugin v27.4 - https:\/\/yoast.com\/product\/yoast-seo-wordpress\/ -->\n<title>Katy G\u00f3mez L\u00f3pez - Misery in poverty - Premio Luis Valtue\u00f1a<\/title>\n<meta name=\"robots\" content=\"index, follow, max-snippet:-1, max-image-preview:large, max-video-preview:-1\" \/>\n<link rel=\"canonical\" href=\"https:\/\/premioluisvaltuena.org\/en\/finalistas\/2007\/katy\/miseria-en-la-pobreza\/\" \/>\n<meta property=\"og:locale\" content=\"en_US\" \/>\n<meta property=\"og:type\" content=\"article\" \/>\n<meta property=\"og:title\" content=\"Katy G\u00f3mez L\u00f3pez - Misery in poverty - Premio Luis Valtue\u00f1a\" \/>\n<meta property=\"og:description\" content=\"There is no need to go to Africa to find shame and social exclusion. Next door to our comfortable lives, men, women and children as illegal immigrants, try to escape from their harsh daily reality. Our society, expected to be idyllic, reproduces instead the misery they have tried to escape from. In the Cazorla Mountains,\" \/>\n<meta property=\"og:url\" content=\"https:\/\/premioluisvaltuena.org\/en\/finalistas\/2007\/katy\/miseria-en-la-pobreza\/\" \/>\n<meta property=\"og:site_name\" content=\"Premio Luis Valtue\u00f1a\" \/>\n<meta property=\"article:publisher\" content=\"https:\/\/www.facebook.com\/premioluisvaltuena\/\" \/>\n<meta property=\"article:modified_time\" content=\"2022-01-19T17:33:19+00:00\" \/>\n<meta property=\"og:image\" content=\"https:\/\/premioluisvaltuena.org\/wp-content\/uploads\/2021\/12\/11_Premio-Especial_Katy-Gomez_I_2007_web.jpg\" \/>\n\t<meta property=\"og:image:width\" content=\"1584\" \/>\n\t<meta property=\"og:image:height\" content=\"1980\" \/>\n\t<meta property=\"og:image:type\" content=\"image\/jpeg\" \/>\n<meta name=\"twitter:card\" content=\"summary_large_image\" \/>\n<meta name=\"twitter:label1\" content=\"Est. reading time\" \/>\n\t<meta name=\"twitter:data1\" content=\"1 minute\" \/>\n<script type=\"application\/ld+json\" class=\"yoast-schema-graph\">{\"@context\":\"https:\\\/\\\/schema.org\",\"@graph\":[{\"@type\":\"WebPage\",\"@id\":\"https:\\\/\\\/premioluisvaltuena.org\\\/en\\\/finalistas\\\/2007\\\/katy\\\/miseria-en-la-pobreza\\\/\",\"url\":\"https:\\\/\\\/premioluisvaltuena.org\\\/en\\\/finalistas\\\/2007\\\/katy\\\/miseria-en-la-pobreza\\\/\",\"name\":\"Katy G\u00f3mez L\u00f3pez - Misery in poverty - Premio Luis Valtue\u00f1a\",\"isPartOf\":{\"@id\":\"https:\\\/\\\/premioluisvaltuena.org\\\/#website\"},\"primaryImageOfPage\":{\"@id\":\"https:\\\/\\\/premioluisvaltuena.org\\\/en\\\/finalistas\\\/2007\\\/katy\\\/miseria-en-la-pobreza\\\/#primaryimage\"},\"image\":{\"@id\":\"https:\\\/\\\/premioluisvaltuena.org\\\/en\\\/finalistas\\\/2007\\\/katy\\\/miseria-en-la-pobreza\\\/#primaryimage\"},\"thumbnailUrl\":\"https:\\\/\\\/premioluisvaltuena.org\\\/wp-content\\\/uploads\\\/2021\\\/12\\\/11_Premio-Especial_Katy-Gomez_I_2007_web.jpg\",\"datePublished\":\"2021-12-13T12:28:07+00:00\",\"dateModified\":\"2022-01-19T17:33:19+00:00\",\"breadcrumb\":{\"@id\":\"https:\\\/\\\/premioluisvaltuena.org\\\/en\\\/finalistas\\\/2007\\\/katy\\\/miseria-en-la-pobreza\\\/#breadcrumb\"},\"inLanguage\":\"en-US\",\"potentialAction\":[{\"@type\":\"ReadAction\",\"target\":[\"https:\\\/\\\/premioluisvaltuena.org\\\/en\\\/finalistas\\\/2007\\\/katy\\\/miseria-en-la-pobreza\\\/\"]}]},{\"@type\":\"ImageObject\",\"inLanguage\":\"en-US\",\"@id\":\"https:\\\/\\\/premioluisvaltuena.org\\\/en\\\/finalistas\\\/2007\\\/katy\\\/miseria-en-la-pobreza\\\/#primaryimage\",\"url\":\"https:\\\/\\\/premioluisvaltuena.org\\\/wp-content\\\/uploads\\\/2021\\\/12\\\/11_Premio-Especial_Katy-Gomez_I_2007_web.jpg\",\"contentUrl\":\"https:\\\/\\\/premioluisvaltuena.org\\\/wp-content\\\/uploads\\\/2021\\\/12\\\/11_Premio-Especial_Katy-Gomez_I_2007_web.jpg\",\"width\":1584,\"height\":1980},{\"@type\":\"BreadcrumbList\",\"@id\":\"https:\\\/\\\/premioluisvaltuena.org\\\/en\\\/finalistas\\\/2007\\\/katy\\\/miseria-en-la-pobreza\\\/#breadcrumb\",\"itemListElement\":[{\"@type\":\"ListItem\",\"position\":1,\"name\":\"Portada\",\"item\":\"https:\\\/\\\/premioluisvaltuena.org\\\/en\\\/\"},{\"@type\":\"ListItem\",\"position\":2,\"name\":\"Misery in poverty\"}]},{\"@type\":\"WebSite\",\"@id\":\"https:\\\/\\\/premioluisvaltuena.org\\\/#website\",\"url\":\"https:\\\/\\\/premioluisvaltuena.org\\\/\",\"name\":\"Premio Internacional Luis Valtue\u00f1a Fotograf\u00eda Humanitaria\",\"description\":\"\",\"publisher\":{\"@id\":\"https:\\\/\\\/premioluisvaltuena.org\\\/#organization\"},\"potentialAction\":[{\"@type\":\"SearchAction\",\"target\":{\"@type\":\"EntryPoint\",\"urlTemplate\":\"https:\\\/\\\/premioluisvaltuena.org\\\/?s={search_term_string}\"},\"query-input\":{\"@type\":\"PropertyValueSpecification\",\"valueRequired\":true,\"valueName\":\"search_term_string\"}}],\"inLanguage\":\"en-US\"},{\"@type\":\"Organization\",\"@id\":\"https:\\\/\\\/premioluisvaltuena.org\\\/#organization\",\"name\":\"Premio Internacional Luis Valtue\u00f1a Fotograf\u00eda Humanitaria\",\"url\":\"https:\\\/\\\/premioluisvaltuena.org\\\/\",\"logo\":{\"@type\":\"ImageObject\",\"inLanguage\":\"en-US\",\"@id\":\"https:\\\/\\\/premioluisvaltuena.org\\\/#\\\/schema\\\/logo\\\/image\\\/\",\"url\":\"https:\\\/\\\/premioluisvaltuena.org\\\/wp-content\\\/uploads\\\/2020\\\/08\\\/Logo-2020.png\",\"contentUrl\":\"https:\\\/\\\/premioluisvaltuena.org\\\/wp-content\\\/uploads\\\/2020\\\/08\\\/Logo-2020.png\",\"width\":1920,\"height\":1280,\"caption\":\"Premio Internacional Luis Valtue\u00f1a Fotograf\u00eda Humanitaria\"},\"image\":{\"@id\":\"https:\\\/\\\/premioluisvaltuena.org\\\/#\\\/schema\\\/logo\\\/image\\\/\"},\"sameAs\":[\"https:\\\/\\\/www.facebook.com\\\/premioluisvaltuena\\\/\",\"https:\\\/\\\/www.instagram.com\\\/premioluisvaltuena\\\/\",\"https:\\\/\\\/www.youtube.com\\\/playlist?list=PLXPK1-jJZbACLMAIKz7pej4avPCcdrmkn\",\"https:\\\/\\\/es.wikipedia.org\\\/wiki\\\/Premio_Internacional_Luis_Valtue\u00f1a_de_Fotograf\u00eda_Humanitaria\"]}]}<\/script>\n<!-- \/ Yoast SEO plugin. -->","yoast_head_json":{"title":"Katy G\u00f3mez L\u00f3pez - Misery in poverty - Premio Luis Valtue\u00f1a","robots":{"index":"index","follow":"follow","max-snippet":"max-snippet:-1","max-image-preview":"max-image-preview:large","max-video-preview":"max-video-preview:-1"},"canonical":"https:\/\/premioluisvaltuena.org\/en\/finalistas\/2007\/katy\/miseria-en-la-pobreza\/","og_locale":"en_US","og_type":"article","og_title":"Katy G\u00f3mez L\u00f3pez - Misery in poverty - Premio Luis Valtue\u00f1a","og_description":"There is no need to go to Africa to find shame and social exclusion. Next door to our comfortable lives, men, women and children as illegal immigrants, try to escape from their harsh daily reality. Our society, expected to be idyllic, reproduces instead the misery they have tried to escape from. In the Cazorla Mountains,","og_url":"https:\/\/premioluisvaltuena.org\/en\/finalistas\/2007\/katy\/miseria-en-la-pobreza\/","og_site_name":"Premio Luis Valtue\u00f1a","article_publisher":"https:\/\/www.facebook.com\/premioluisvaltuena\/","article_modified_time":"2022-01-19T17:33:19+00:00","og_image":[{"width":1584,"height":1980,"url":"https:\/\/premioluisvaltuena.org\/wp-content\/uploads\/2021\/12\/11_Premio-Especial_Katy-Gomez_I_2007_web.jpg","type":"image\/jpeg"}],"twitter_card":"summary_large_image","twitter_misc":{"Est. reading time":"1 minute"},"schema":{"@context":"https:\/\/schema.org","@graph":[{"@type":"WebPage","@id":"https:\/\/premioluisvaltuena.org\/en\/finalistas\/2007\/katy\/miseria-en-la-pobreza\/","url":"https:\/\/premioluisvaltuena.org\/en\/finalistas\/2007\/katy\/miseria-en-la-pobreza\/","name":"Katy G\u00f3mez L\u00f3pez - Misery in poverty - Premio Luis Valtue\u00f1a","isPartOf":{"@id":"https:\/\/premioluisvaltuena.org\/#website"},"primaryImageOfPage":{"@id":"https:\/\/premioluisvaltuena.org\/en\/finalistas\/2007\/katy\/miseria-en-la-pobreza\/#primaryimage"},"image":{"@id":"https:\/\/premioluisvaltuena.org\/en\/finalistas\/2007\/katy\/miseria-en-la-pobreza\/#primaryimage"},"thumbnailUrl":"https:\/\/premioluisvaltuena.org\/wp-content\/uploads\/2021\/12\/11_Premio-Especial_Katy-Gomez_I_2007_web.jpg","datePublished":"2021-12-13T12:28:07+00:00","dateModified":"2022-01-19T17:33:19+00:00","breadcrumb":{"@id":"https:\/\/premioluisvaltuena.org\/en\/finalistas\/2007\/katy\/miseria-en-la-pobreza\/#breadcrumb"},"inLanguage":"en-US","potentialAction":[{"@type":"ReadAction","target":["https:\/\/premioluisvaltuena.org\/en\/finalistas\/2007\/katy\/miseria-en-la-pobreza\/"]}]},{"@type":"ImageObject","inLanguage":"en-US","@id":"https:\/\/premioluisvaltuena.org\/en\/finalistas\/2007\/katy\/miseria-en-la-pobreza\/#primaryimage","url":"https:\/\/premioluisvaltuena.org\/wp-content\/uploads\/2021\/12\/11_Premio-Especial_Katy-Gomez_I_2007_web.jpg","contentUrl":"https:\/\/premioluisvaltuena.org\/wp-content\/uploads\/2021\/12\/11_Premio-Especial_Katy-Gomez_I_2007_web.jpg","width":1584,"height":1980},{"@type":"BreadcrumbList","@id":"https:\/\/premioluisvaltuena.org\/en\/finalistas\/2007\/katy\/miseria-en-la-pobreza\/#breadcrumb","itemListElement":[{"@type":"ListItem","position":1,"name":"Portada","item":"https:\/\/premioluisvaltuena.org\/en\/"},{"@type":"ListItem","position":2,"name":"Misery in poverty"}]},{"@type":"WebSite","@id":"https:\/\/premioluisvaltuena.org\/#website","url":"https:\/\/premioluisvaltuena.org\/","name":"Premio Internacional Luis Valtue\u00f1a Fotograf\u00eda Humanitaria","description":"","publisher":{"@id":"https:\/\/premioluisvaltuena.org\/#organization"},"potentialAction":[{"@type":"SearchAction","target":{"@type":"EntryPoint","urlTemplate":"https:\/\/premioluisvaltuena.org\/?s={search_term_string}"},"query-input":{"@type":"PropertyValueSpecification","valueRequired":true,"valueName":"search_term_string"}}],"inLanguage":"en-US"},{"@type":"Organization","@id":"https:\/\/premioluisvaltuena.org\/#organization","name":"Premio Internacional Luis Valtue\u00f1a Fotograf\u00eda Humanitaria","url":"https:\/\/premioluisvaltuena.org\/","logo":{"@type":"ImageObject","inLanguage":"en-US","@id":"https:\/\/premioluisvaltuena.org\/#\/schema\/logo\/image\/","url":"https:\/\/premioluisvaltuena.org\/wp-content\/uploads\/2020\/08\/Logo-2020.png","contentUrl":"https:\/\/premioluisvaltuena.org\/wp-content\/uploads\/2020\/08\/Logo-2020.png","width":1920,"height":1280,"caption":"Premio Internacional Luis Valtue\u00f1a Fotograf\u00eda Humanitaria"},"image":{"@id":"https:\/\/premioluisvaltuena.org\/#\/schema\/logo\/image\/"},"sameAs":["https:\/\/www.facebook.com\/premioluisvaltuena\/","https:\/\/www.instagram.com\/premioluisvaltuena\/","https:\/\/www.youtube.com\/playlist?list=PLXPK1-jJZbACLMAIKz7pej4avPCcdrmkn","https:\/\/es.wikipedia.org\/wiki\/Premio_Internacional_Luis_Valtue\u00f1a_de_Fotograf\u00eda_Humanitaria"]}]}},"_links":{"self":[{"href":"https:\/\/premioluisvaltuena.org\/en\/wp-json\/wp\/v2\/finalistas\/11801","targetHints":{"allow":["GET"]}}],"collection":[{"href":"https:\/\/premioluisvaltuena.org\/en\/wp-json\/wp\/v2\/finalistas"}],"about":[{"href":"https:\/\/premioluisvaltuena.org\/en\/wp-json\/wp\/v2\/types\/finalistas"}],"author":[{"embeddable":true,"href":"https:\/\/premioluisvaltuena.org\/en\/wp-json\/wp\/v2\/users\/77"}],"version-history":[{"count":6,"href":"https:\/\/premioluisvaltuena.org\/en\/wp-json\/wp\/v2\/finalistas\/11801\/revisions"}],"predecessor-version":[{"id":13236,"href":"https:\/\/premioluisvaltuena.org\/en\/wp-json\/wp\/v2\/finalistas\/11801\/revisions\/13236"}],"wp:featuredmedia":[{"embeddable":true,"href":"https:\/\/premioluisvaltuena.org\/en\/wp-json\/wp\/v2\/media\/11798"}],"wp:attachment":[{"href":"https:\/\/premioluisvaltuena.org\/en\/wp-json\/wp\/v2\/media?parent=11801"}],"wp:term":[{"taxonomy":"edicion","embeddable":true,"href":"https:\/\/premioluisvaltuena.org\/en\/wp-json\/wp\/v2\/edicion?post=11801"}],"curies":[{"name":"wp","href":"https:\/\/api.w.org\/{rel}","templated":true}]}}

<p>There is no need to go to Africa to find shame and social exclusion. Next door to our comfortable lives, men, women and children as illegal immigrants, try to escape from their harsh daily reality. Our society, expected to be idyllic, reproduces instead the misery they have tried to escape from.</p>



<p>In the Cazorla Mountains, Segura and Las Villas in Jaén, Spain, at the beginning of the olive harvest several families are evicted from a ruined house occupied by them as a shelter. This location is a few kilometers away from luxurious hotels. The images reflect those of poor countries where only a few kilometers separate their situation from luxurious hotels. Misery is even more cruel and decrepit when poverty and social exclusion share the same bed.</p>

<!-- This site is optimized with the Yoast SEO plugin v27.4 - https://yoast.com/product/yoast-seo-wordpress/ -->
<title>Katy Gómez López - Misery in poverty - Premio Luis Valtueña</title>
<meta name="robots" content="index, follow, max-snippet:-1, max-image-preview:large, max-video-preview:-1" />
<link rel="canonical" href="https://premioluisvaltuena.org/en/finalistas/2007/katy/miseria-en-la-pobreza/" />
<meta property="og:locale" content="en_US" />
<meta property="og:type" content="article" />
<meta property="og:title" content="Katy Gómez López - Misery in poverty - Premio Luis Valtueña" />
<meta property="og:description" content="There is no need to go to Africa to find shame and social exclusion. Next door to our comfortable lives, men, women and children as illegal immigrants, try to escape from their harsh daily reality. Our society, expected to be idyllic, reproduces instead the misery they have tried to escape from. In the Cazorla Mountains," />
<meta property="og:url" content="https://premioluisvaltuena.org/en/finalistas/2007/katy/miseria-en-la-pobreza/" />
<meta property="og:site_name" content="Premio Luis Valtueña" />
<meta property="article:publisher" content="https://www.facebook.com/premioluisvaltuena/" />
<meta property="article:modified_time" content="2022-01-19T17:33:19+00:00" />
<meta property="og:image" content="https://premioluisvaltuena.org/wp-content/uploads/2021/12/11_Premio-Especial_Katy-Gomez_I_2007_web.jpg" />
	<meta property="og:image:width" content="1584" />
	<meta property="og:image:height" content="1980" />
	<meta property="og:image:type" content="image/jpeg" />
<meta name="twitter:card" content="summary_large_image" />
<meta name="twitter:label1" content="Est. reading time" />
	<meta name="twitter:data1" content="1 minute" />
<script type="application/ld+json" class="yoast-schema-graph">{"@context":"https:\/\/schema.org","@graph":[{"@type":"WebPage","@id":"https:\/\/premioluisvaltuena.org\/en\/finalistas\/2007\/katy\/miseria-en-la-pobreza\/","url":"https:\/\/premioluisvaltuena.org\/en\/finalistas\/2007\/katy\/miseria-en-la-pobreza\/","name":"Katy Gómez López - Misery in poverty - Premio Luis Valtueña","isPartOf":{"@id":"https:\/\/premioluisvaltuena.org\/#website"},"primaryImageOfPage":{"@id":"https:\/\/premioluisvaltuena.org\/en\/finalistas\/2007\/katy\/miseria-en-la-pobreza\/#primaryimage"},"image":{"@id":"https:\/\/premioluisvaltuena.org\/en\/finalistas\/2007\/katy\/miseria-en-la-pobreza\/#primaryimage"},"thumbnailUrl":"https:\/\/premioluisvaltuena.org\/wp-content\/uploads\/2021\/12\/11_Premio-Especial_Katy-Gomez_I_2007_web.jpg","datePublished":"2021-12-13T12:28:07+00:00","dateModified":"2022-01-19T17:33:19+00:00","breadcrumb":{"@id":"https:\/\/premioluisvaltuena.org\/en\/finalistas\/2007\/katy\/miseria-en-la-pobreza\/#breadcrumb"},"inLanguage":"en-US","potentialAction":[{"@type":"ReadAction","target":["https:\/\/premioluisvaltuena.org\/en\/finalistas\/2007\/katy\/miseria-en-la-pobreza\/"]}]},{"@type":"ImageObject","inLanguage":"en-US","@id":"https:\/\/premioluisvaltuena.org\/en\/finalistas\/2007\/katy\/miseria-en-la-pobreza\/#primaryimage","url":"https:\/\/premioluisvaltuena.org\/wp-content\/uploads\/2021\/12\/11_Premio-Especial_Katy-Gomez_I_2007_web.jpg","contentUrl":"https:\/\/premioluisvaltuena.org\/wp-content\/uploads\/2021\/12\/11_Premio-Especial_Katy-Gomez_I_2007_web.jpg","width":1584,"height":1980},{"@type":"BreadcrumbList","@id":"https:\/\/premioluisvaltuena.org\/en\/finalistas\/2007\/katy\/miseria-en-la-pobreza\/#breadcrumb","itemListElement":[{"@type":"ListItem","position":1,"name":"Portada","item":"https:\/\/premioluisvaltuena.org\/en\/"},{"@type":"ListItem","position":2,"name":"Misery in poverty"}]},{"@type":"WebSite","@id":"https:\/\/premioluisvaltuena.org\/#website","url":"https:\/\/premioluisvaltuena.org\/","name":"Premio Internacional Luis Valtueña Fotografía Humanitaria","description":"","publisher":{"@id":"https:\/\/premioluisvaltuena.org\/#organization"},"potentialAction":[{"@type":"SearchAction","target":{"@type":"EntryPoint","urlTemplate":"https:\/\/premioluisvaltuena.org\/?s={search_term_string}"},"query-input":{"@type":"PropertyValueSpecification","valueRequired":true,"valueName":"search_term_string"}}],"inLanguage":"en-US"},{"@type":"Organization","@id":"https:\/\/premioluisvaltuena.org\/#organization","name":"Premio Internacional Luis Valtueña Fotografía Humanitaria","url":"https:\/\/premioluisvaltuena.org\/","logo":{"@type":"ImageObject","inLanguage":"en-US","@id":"https:\/\/premioluisvaltuena.org\/#\/schema\/logo\/image\/","url":"https:\/\/premioluisvaltuena.org\/wp-content\/uploads\/2020\/08\/Logo-2020.png","contentUrl":"https:\/\/premioluisvaltuena.org\/wp-content\/uploads\/2020\/08\/Logo-2020.png","width":1920,"height":1280,"caption":"Premio Internacional Luis Valtueña Fotografía Humanitaria"},"image":{"@id":"https:\/\/premioluisvaltuena.org\/#\/schema\/logo\/image\/"},"sameAs":["https:\/\/www.facebook.com\/premioluisvaltuena\/","https:\/\/www.instagram.com\/premioluisvaltuena\/","https:\/\/www.youtube.com\/playlist?list=PLXPK1-jJZbACLMAIKz7pej4avPCcdrmkn","https:\/\/es.wikipedia.org\/wiki\/Premio_Internacional_Luis_Valtueña_de_Fotografía_Humanitaria"]}]}</script>
<!-- / Yoast SEO plugin. -->

Katy Gómez López - Misery in poverty - Premio Luis Valtueña

Premio Luis Valtueña

Premio Internacional Luis Valtueña Fotografía Humanitaria

https://es.wikipedia.org/wiki/Premio_Internacional_Luis_Valtueña_de_Fotografía_Humanitaria
