{"id":11677,"date":"2021-12-03T10:57:46","date_gmt":"2021-12-03T10:57:46","guid":{"rendered":"https:\/\/premioluisvaltuena.org\/?post_type=finalistas&#038;p=11677"},"modified":"2021-12-03T13:01:02","modified_gmt":"2021-12-03T13:01:02","slug":"child-handwork","status":"publish","type":"finalistas","link":"https:\/\/premioluisvaltuena.org\/en\/finalistas\/2008\/jose-carlos-coelho\/child-handwork\/","title":{"rendered":"Child Handwork"},"content":{"rendered":"\n<p>With a hard day of building with bricks, children don\u2019t have time to play. They go to sleep and tomorrow it\u2019s another day of work. This photo was taken during a project I was working on about manual labor in Mozambique, Fonte Boa, Tete, in August 2006.<\/p>\n","protected":false},"excerpt":{"rendered":"<p>With a hard day of building with bricks, children don\u2019t have time to play. They go to sleep and tomorrow it\u2019s another day of work. This photo was taken during a project I was working on about manual labor in Mozambique, Fonte Boa, Tete, in August 2006.<\/p>\n","protected":false},"author":72,"featured_media":11681,"menu_order":266,"template":"","format":"standard","meta":{"_acf_changed":false,"inline_featured_image":false,"_monsterinsights_skip_tracking":false,"_monsterinsights_sitenote_active":false,"_monsterinsights_sitenote_note":"","_monsterinsights_sitenote_category":0,"footnotes":""},"edicion":[209],"class_list":["post-11677","finalistas","type-finalistas","status-publish","format-standard","has-post-thumbnail","hentry","edicion-209"],"acf":[],"yoast_head":"<!-- This site is optimized with the Yoast SEO plugin v27.4 - https:\/\/yoast.com\/product\/yoast-seo-wordpress\/ -->\n<title>Jos\u00e9 Carlos Coelho - Child Handwork - Premio Luis Valtue\u00f1a<\/title>\n<meta name=\"robots\" content=\"index, follow, max-snippet:-1, max-image-preview:large, max-video-preview:-1\" \/>\n<link rel=\"canonical\" href=\"https:\/\/premioluisvaltuena.org\/en\/finalistas\/2008\/jose-carlos-coelho\/child-handwork\/\" \/>\n<meta property=\"og:locale\" content=\"en_US\" \/>\n<meta property=\"og:type\" content=\"article\" \/>\n<meta property=\"og:title\" content=\"Jos\u00e9 Carlos Coelho - Child Handwork - Premio Luis Valtue\u00f1a\" \/>\n<meta property=\"og:description\" content=\"With a hard day of building with bricks, children don\u2019t have time to play. They go to sleep and tomorrow it\u2019s another day of work. This photo was taken during a project I was working on about manual labor in Mozambique, Fonte Boa, Tete, in August 2006.\" \/>\n<meta property=\"og:url\" content=\"https:\/\/premioluisvaltuena.org\/en\/finalistas\/2008\/jose-carlos-coelho\/child-handwork\/\" \/>\n<meta property=\"og:site_name\" content=\"Premio Luis Valtue\u00f1a\" \/>\n<meta property=\"article:publisher\" content=\"https:\/\/www.facebook.com\/premioluisvaltuena\/\" \/>\n<meta property=\"article:modified_time\" content=\"2021-12-03T13:01:02+00:00\" \/>\n<meta property=\"og:image\" content=\"https:\/\/premioluisvaltuena.org\/wp-content\/uploads\/2021\/12\/12_Finalista_Jose-Carlos-Coelho_2008_web-2.jpg\" \/>\n\t<meta property=\"og:image:width\" content=\"1980\" \/>\n\t<meta property=\"og:image:height\" content=\"1321\" \/>\n\t<meta property=\"og:image:type\" content=\"image\/jpeg\" \/>\n<meta name=\"twitter:card\" content=\"summary_large_image\" \/>\n<meta name=\"twitter:label1\" content=\"Est. reading time\" \/>\n\t<meta name=\"twitter:data1\" content=\"1 minute\" \/>\n<script type=\"application\/ld+json\" class=\"yoast-schema-graph\">{\"@context\":\"https:\\\/\\\/schema.org\",\"@graph\":[{\"@type\":\"WebPage\",\"@id\":\"https:\\\/\\\/premioluisvaltuena.org\\\/en\\\/finalistas\\\/2008\\\/jose-carlos-coelho\\\/child-handwork\\\/\",\"url\":\"https:\\\/\\\/premioluisvaltuena.org\\\/en\\\/finalistas\\\/2008\\\/jose-carlos-coelho\\\/child-handwork\\\/\",\"name\":\"Jos\u00e9 Carlos Coelho - Child Handwork - Premio Luis Valtue\u00f1a\",\"isPartOf\":{\"@id\":\"https:\\\/\\\/premioluisvaltuena.org\\\/#website\"},\"primaryImageOfPage\":{\"@id\":\"https:\\\/\\\/premioluisvaltuena.org\\\/en\\\/finalistas\\\/2008\\\/jose-carlos-coelho\\\/child-handwork\\\/#primaryimage\"},\"image\":{\"@id\":\"https:\\\/\\\/premioluisvaltuena.org\\\/en\\\/finalistas\\\/2008\\\/jose-carlos-coelho\\\/child-handwork\\\/#primaryimage\"},\"thumbnailUrl\":\"https:\\\/\\\/premioluisvaltuena.org\\\/wp-content\\\/uploads\\\/2021\\\/12\\\/12_Finalista_Jose-Carlos-Coelho_2008_web-2.jpg\",\"datePublished\":\"2021-12-03T10:57:46+00:00\",\"dateModified\":\"2021-12-03T13:01:02+00:00\",\"breadcrumb\":{\"@id\":\"https:\\\/\\\/premioluisvaltuena.org\\\/en\\\/finalistas\\\/2008\\\/jose-carlos-coelho\\\/child-handwork\\\/#breadcrumb\"},\"inLanguage\":\"en-US\",\"potentialAction\":[{\"@type\":\"ReadAction\",\"target\":[\"https:\\\/\\\/premioluisvaltuena.org\\\/en\\\/finalistas\\\/2008\\\/jose-carlos-coelho\\\/child-handwork\\\/\"]}]},{\"@type\":\"ImageObject\",\"inLanguage\":\"en-US\",\"@id\":\"https:\\\/\\\/premioluisvaltuena.org\\\/en\\\/finalistas\\\/2008\\\/jose-carlos-coelho\\\/child-handwork\\\/#primaryimage\",\"url\":\"https:\\\/\\\/premioluisvaltuena.org\\\/wp-content\\\/uploads\\\/2021\\\/12\\\/12_Finalista_Jose-Carlos-Coelho_2008_web-2.jpg\",\"contentUrl\":\"https:\\\/\\\/premioluisvaltuena.org\\\/wp-content\\\/uploads\\\/2021\\\/12\\\/12_Finalista_Jose-Carlos-Coelho_2008_web-2.jpg\",\"width\":1980,\"height\":1321,\"caption\":\"Tras una dura jornada fabricando ladrillos, los ni\u00f1os no tienen tiempo para jugar. Se van a dormir: al d\u00eda siguiente les espera otro d\u00eda de trabajo. Esta fotograf\u00eda fue tomada en Fonte Boa, Tete, en agosto de 2006, en el marco de un proyecto sobre el trabajo manual en Mozambique.\"},{\"@type\":\"BreadcrumbList\",\"@id\":\"https:\\\/\\\/premioluisvaltuena.org\\\/en\\\/finalistas\\\/2008\\\/jose-carlos-coelho\\\/child-handwork\\\/#breadcrumb\",\"itemListElement\":[{\"@type\":\"ListItem\",\"position\":1,\"name\":\"Portada\",\"item\":\"https:\\\/\\\/premioluisvaltuena.org\\\/en\\\/\"},{\"@type\":\"ListItem\",\"position\":2,\"name\":\"Child Handwork\"}]},{\"@type\":\"WebSite\",\"@id\":\"https:\\\/\\\/premioluisvaltuena.org\\\/#website\",\"url\":\"https:\\\/\\\/premioluisvaltuena.org\\\/\",\"name\":\"Premio Internacional Luis Valtue\u00f1a Fotograf\u00eda Humanitaria\",\"description\":\"\",\"publisher\":{\"@id\":\"https:\\\/\\\/premioluisvaltuena.org\\\/#organization\"},\"potentialAction\":[{\"@type\":\"SearchAction\",\"target\":{\"@type\":\"EntryPoint\",\"urlTemplate\":\"https:\\\/\\\/premioluisvaltuena.org\\\/?s={search_term_string}\"},\"query-input\":{\"@type\":\"PropertyValueSpecification\",\"valueRequired\":true,\"valueName\":\"search_term_string\"}}],\"inLanguage\":\"en-US\"},{\"@type\":\"Organization\",\"@id\":\"https:\\\/\\\/premioluisvaltuena.org\\\/#organization\",\"name\":\"Premio Internacional Luis Valtue\u00f1a Fotograf\u00eda Humanitaria\",\"url\":\"https:\\\/\\\/premioluisvaltuena.org\\\/\",\"logo\":{\"@type\":\"ImageObject\",\"inLanguage\":\"en-US\",\"@id\":\"https:\\\/\\\/premioluisvaltuena.org\\\/#\\\/schema\\\/logo\\\/image\\\/\",\"url\":\"https:\\\/\\\/premioluisvaltuena.org\\\/wp-content\\\/uploads\\\/2020\\\/08\\\/Logo-2020.png\",\"contentUrl\":\"https:\\\/\\\/premioluisvaltuena.org\\\/wp-content\\\/uploads\\\/2020\\\/08\\\/Logo-2020.png\",\"width\":1920,\"height\":1280,\"caption\":\"Premio Internacional Luis Valtue\u00f1a Fotograf\u00eda Humanitaria\"},\"image\":{\"@id\":\"https:\\\/\\\/premioluisvaltuena.org\\\/#\\\/schema\\\/logo\\\/image\\\/\"},\"sameAs\":[\"https:\\\/\\\/www.facebook.com\\\/premioluisvaltuena\\\/\",\"https:\\\/\\\/www.instagram.com\\\/premioluisvaltuena\\\/\",\"https:\\\/\\\/www.youtube.com\\\/playlist?list=PLXPK1-jJZbACLMAIKz7pej4avPCcdrmkn\",\"https:\\\/\\\/es.wikipedia.org\\\/wiki\\\/Premio_Internacional_Luis_Valtue\u00f1a_de_Fotograf\u00eda_Humanitaria\"]}]}<\/script>\n<!-- \/ Yoast SEO plugin. -->","yoast_head_json":{"title":"Jos\u00e9 Carlos Coelho - Child Handwork - Premio Luis Valtue\u00f1a","robots":{"index":"index","follow":"follow","max-snippet":"max-snippet:-1","max-image-preview":"max-image-preview:large","max-video-preview":"max-video-preview:-1"},"canonical":"https:\/\/premioluisvaltuena.org\/en\/finalistas\/2008\/jose-carlos-coelho\/child-handwork\/","og_locale":"en_US","og_type":"article","og_title":"Jos\u00e9 Carlos Coelho - Child Handwork - Premio Luis Valtue\u00f1a","og_description":"With a hard day of building with bricks, children don\u2019t have time to play. They go to sleep and tomorrow it\u2019s another day of work. This photo was taken during a project I was working on about manual labor in Mozambique, Fonte Boa, Tete, in August 2006.","og_url":"https:\/\/premioluisvaltuena.org\/en\/finalistas\/2008\/jose-carlos-coelho\/child-handwork\/","og_site_name":"Premio Luis Valtue\u00f1a","article_publisher":"https:\/\/www.facebook.com\/premioluisvaltuena\/","article_modified_time":"2021-12-03T13:01:02+00:00","og_image":[{"width":1980,"height":1321,"url":"https:\/\/premioluisvaltuena.org\/wp-content\/uploads\/2021\/12\/12_Finalista_Jose-Carlos-Coelho_2008_web-2.jpg","type":"image\/jpeg"}],"twitter_card":"summary_large_image","twitter_misc":{"Est. reading time":"1 minute"},"schema":{"@context":"https:\/\/schema.org","@graph":[{"@type":"WebPage","@id":"https:\/\/premioluisvaltuena.org\/en\/finalistas\/2008\/jose-carlos-coelho\/child-handwork\/","url":"https:\/\/premioluisvaltuena.org\/en\/finalistas\/2008\/jose-carlos-coelho\/child-handwork\/","name":"Jos\u00e9 Carlos Coelho - Child Handwork - Premio Luis Valtue\u00f1a","isPartOf":{"@id":"https:\/\/premioluisvaltuena.org\/#website"},"primaryImageOfPage":{"@id":"https:\/\/premioluisvaltuena.org\/en\/finalistas\/2008\/jose-carlos-coelho\/child-handwork\/#primaryimage"},"image":{"@id":"https:\/\/premioluisvaltuena.org\/en\/finalistas\/2008\/jose-carlos-coelho\/child-handwork\/#primaryimage"},"thumbnailUrl":"https:\/\/premioluisvaltuena.org\/wp-content\/uploads\/2021\/12\/12_Finalista_Jose-Carlos-Coelho_2008_web-2.jpg","datePublished":"2021-12-03T10:57:46+00:00","dateModified":"2021-12-03T13:01:02+00:00","breadcrumb":{"@id":"https:\/\/premioluisvaltuena.org\/en\/finalistas\/2008\/jose-carlos-coelho\/child-handwork\/#breadcrumb"},"inLanguage":"en-US","potentialAction":[{"@type":"ReadAction","target":["https:\/\/premioluisvaltuena.org\/en\/finalistas\/2008\/jose-carlos-coelho\/child-handwork\/"]}]},{"@type":"ImageObject","inLanguage":"en-US","@id":"https:\/\/premioluisvaltuena.org\/en\/finalistas\/2008\/jose-carlos-coelho\/child-handwork\/#primaryimage","url":"https:\/\/premioluisvaltuena.org\/wp-content\/uploads\/2021\/12\/12_Finalista_Jose-Carlos-Coelho_2008_web-2.jpg","contentUrl":"https:\/\/premioluisvaltuena.org\/wp-content\/uploads\/2021\/12\/12_Finalista_Jose-Carlos-Coelho_2008_web-2.jpg","width":1980,"height":1321,"caption":"Tras una dura jornada fabricando ladrillos, los ni\u00f1os no tienen tiempo para jugar. Se van a dormir: al d\u00eda siguiente les espera otro d\u00eda de trabajo. Esta fotograf\u00eda fue tomada en Fonte Boa, Tete, en agosto de 2006, en el marco de un proyecto sobre el trabajo manual en Mozambique."},{"@type":"BreadcrumbList","@id":"https:\/\/premioluisvaltuena.org\/en\/finalistas\/2008\/jose-carlos-coelho\/child-handwork\/#breadcrumb","itemListElement":[{"@type":"ListItem","position":1,"name":"Portada","item":"https:\/\/premioluisvaltuena.org\/en\/"},{"@type":"ListItem","position":2,"name":"Child Handwork"}]},{"@type":"WebSite","@id":"https:\/\/premioluisvaltuena.org\/#website","url":"https:\/\/premioluisvaltuena.org\/","name":"Premio Internacional Luis Valtue\u00f1a Fotograf\u00eda Humanitaria","description":"","publisher":{"@id":"https:\/\/premioluisvaltuena.org\/#organization"},"potentialAction":[{"@type":"SearchAction","target":{"@type":"EntryPoint","urlTemplate":"https:\/\/premioluisvaltuena.org\/?s={search_term_string}"},"query-input":{"@type":"PropertyValueSpecification","valueRequired":true,"valueName":"search_term_string"}}],"inLanguage":"en-US"},{"@type":"Organization","@id":"https:\/\/premioluisvaltuena.org\/#organization","name":"Premio Internacional Luis Valtue\u00f1a Fotograf\u00eda Humanitaria","url":"https:\/\/premioluisvaltuena.org\/","logo":{"@type":"ImageObject","inLanguage":"en-US","@id":"https:\/\/premioluisvaltuena.org\/#\/schema\/logo\/image\/","url":"https:\/\/premioluisvaltuena.org\/wp-content\/uploads\/2020\/08\/Logo-2020.png","contentUrl":"https:\/\/premioluisvaltuena.org\/wp-content\/uploads\/2020\/08\/Logo-2020.png","width":1920,"height":1280,"caption":"Premio Internacional Luis Valtue\u00f1a Fotograf\u00eda Humanitaria"},"image":{"@id":"https:\/\/premioluisvaltuena.org\/#\/schema\/logo\/image\/"},"sameAs":["https:\/\/www.facebook.com\/premioluisvaltuena\/","https:\/\/www.instagram.com\/premioluisvaltuena\/","https:\/\/www.youtube.com\/playlist?list=PLXPK1-jJZbACLMAIKz7pej4avPCcdrmkn","https:\/\/es.wikipedia.org\/wiki\/Premio_Internacional_Luis_Valtue\u00f1a_de_Fotograf\u00eda_Humanitaria"]}]}},"_links":{"self":[{"href":"https:\/\/premioluisvaltuena.org\/en\/wp-json\/wp\/v2\/finalistas\/11677","targetHints":{"allow":["GET"]}}],"collection":[{"href":"https:\/\/premioluisvaltuena.org\/en\/wp-json\/wp\/v2\/finalistas"}],"about":[{"href":"https:\/\/premioluisvaltuena.org\/en\/wp-json\/wp\/v2\/types\/finalistas"}],"author":[{"embeddable":true,"href":"https:\/\/premioluisvaltuena.org\/en\/wp-json\/wp\/v2\/users\/72"}],"version-history":[{"count":7,"href":"https:\/\/premioluisvaltuena.org\/en\/wp-json\/wp\/v2\/finalistas\/11677\/revisions"}],"predecessor-version":[{"id":11692,"href":"https:\/\/premioluisvaltuena.org\/en\/wp-json\/wp\/v2\/finalistas\/11677\/revisions\/11692"}],"wp:featuredmedia":[{"embeddable":true,"href":"https:\/\/premioluisvaltuena.org\/en\/wp-json\/wp\/v2\/media\/11681"}],"wp:attachment":[{"href":"https:\/\/premioluisvaltuena.org\/en\/wp-json\/wp\/v2\/media?parent=11677"}],"wp:term":[{"taxonomy":"edicion","embeddable":true,"href":"https:\/\/premioluisvaltuena.org\/en\/wp-json\/wp\/v2\/edicion?post=11677"}],"curies":[{"name":"wp","href":"https:\/\/api.w.org\/{rel}","templated":true}]}}

<!-- This site is optimized with the Yoast SEO plugin v27.4 - https://yoast.com/product/yoast-seo-wordpress/ -->
<title>José Carlos Coelho - Child Handwork - Premio Luis Valtueña</title>
<meta name="robots" content="index, follow, max-snippet:-1, max-image-preview:large, max-video-preview:-1" />
<link rel="canonical" href="https://premioluisvaltuena.org/en/finalistas/2008/jose-carlos-coelho/child-handwork/" />
<meta property="og:locale" content="en_US" />
<meta property="og:type" content="article" />
<meta property="og:title" content="José Carlos Coelho - Child Handwork - Premio Luis Valtueña" />
<meta property="og:description" content="With a hard day of building with bricks, children don’t have time to play. They go to sleep and tomorrow it’s another day of work. This photo was taken during a project I was working on about manual labor in Mozambique, Fonte Boa, Tete, in August 2006." />
<meta property="og:url" content="https://premioluisvaltuena.org/en/finalistas/2008/jose-carlos-coelho/child-handwork/" />
<meta property="og:site_name" content="Premio Luis Valtueña" />
<meta property="article:publisher" content="https://www.facebook.com/premioluisvaltuena/" />
<meta property="article:modified_time" content="2021-12-03T13:01:02+00:00" />
<meta property="og:image" content="https://premioluisvaltuena.org/wp-content/uploads/2021/12/12_Finalista_Jose-Carlos-Coelho_2008_web-2.jpg" />
	<meta property="og:image:width" content="1980" />
	<meta property="og:image:height" content="1321" />
	<meta property="og:image:type" content="image/jpeg" />
<meta name="twitter:card" content="summary_large_image" />
<meta name="twitter:label1" content="Est. reading time" />
	<meta name="twitter:data1" content="1 minute" />
<script type="application/ld+json" class="yoast-schema-graph">{"@context":"https:\/\/schema.org","@graph":[{"@type":"WebPage","@id":"https:\/\/premioluisvaltuena.org\/en\/finalistas\/2008\/jose-carlos-coelho\/child-handwork\/","url":"https:\/\/premioluisvaltuena.org\/en\/finalistas\/2008\/jose-carlos-coelho\/child-handwork\/","name":"José Carlos Coelho - Child Handwork - Premio Luis Valtueña","isPartOf":{"@id":"https:\/\/premioluisvaltuena.org\/#website"},"primaryImageOfPage":{"@id":"https:\/\/premioluisvaltuena.org\/en\/finalistas\/2008\/jose-carlos-coelho\/child-handwork\/#primaryimage"},"image":{"@id":"https:\/\/premioluisvaltuena.org\/en\/finalistas\/2008\/jose-carlos-coelho\/child-handwork\/#primaryimage"},"thumbnailUrl":"https:\/\/premioluisvaltuena.org\/wp-content\/uploads\/2021\/12\/12_Finalista_Jose-Carlos-Coelho_2008_web-2.jpg","datePublished":"2021-12-03T10:57:46+00:00","dateModified":"2021-12-03T13:01:02+00:00","breadcrumb":{"@id":"https:\/\/premioluisvaltuena.org\/en\/finalistas\/2008\/jose-carlos-coelho\/child-handwork\/#breadcrumb"},"inLanguage":"en-US","potentialAction":[{"@type":"ReadAction","target":["https:\/\/premioluisvaltuena.org\/en\/finalistas\/2008\/jose-carlos-coelho\/child-handwork\/"]}]},{"@type":"ImageObject","inLanguage":"en-US","@id":"https:\/\/premioluisvaltuena.org\/en\/finalistas\/2008\/jose-carlos-coelho\/child-handwork\/#primaryimage","url":"https:\/\/premioluisvaltuena.org\/wp-content\/uploads\/2021\/12\/12_Finalista_Jose-Carlos-Coelho_2008_web-2.jpg","contentUrl":"https:\/\/premioluisvaltuena.org\/wp-content\/uploads\/2021\/12\/12_Finalista_Jose-Carlos-Coelho_2008_web-2.jpg","width":1980,"height":1321,"caption":"Tras una dura jornada fabricando ladrillos, los niños no tienen tiempo para jugar. Se van a dormir: al día siguiente les espera otro día de trabajo. Esta fotografía fue tomada en Fonte Boa, Tete, en agosto de 2006, en el marco de un proyecto sobre el trabajo manual en Mozambique."},{"@type":"BreadcrumbList","@id":"https:\/\/premioluisvaltuena.org\/en\/finalistas\/2008\/jose-carlos-coelho\/child-handwork\/#breadcrumb","itemListElement":[{"@type":"ListItem","position":1,"name":"Portada","item":"https:\/\/premioluisvaltuena.org\/en\/"},{"@type":"ListItem","position":2,"name":"Child Handwork"}]},{"@type":"WebSite","@id":"https:\/\/premioluisvaltuena.org\/#website","url":"https:\/\/premioluisvaltuena.org\/","name":"Premio Internacional Luis Valtueña Fotografía Humanitaria","description":"","publisher":{"@id":"https:\/\/premioluisvaltuena.org\/#organization"},"potentialAction":[{"@type":"SearchAction","target":{"@type":"EntryPoint","urlTemplate":"https:\/\/premioluisvaltuena.org\/?s={search_term_string}"},"query-input":{"@type":"PropertyValueSpecification","valueRequired":true,"valueName":"search_term_string"}}],"inLanguage":"en-US"},{"@type":"Organization","@id":"https:\/\/premioluisvaltuena.org\/#organization","name":"Premio Internacional Luis Valtueña Fotografía Humanitaria","url":"https:\/\/premioluisvaltuena.org\/","logo":{"@type":"ImageObject","inLanguage":"en-US","@id":"https:\/\/premioluisvaltuena.org\/#\/schema\/logo\/image\/","url":"https:\/\/premioluisvaltuena.org\/wp-content\/uploads\/2020\/08\/Logo-2020.png","contentUrl":"https:\/\/premioluisvaltuena.org\/wp-content\/uploads\/2020\/08\/Logo-2020.png","width":1920,"height":1280,"caption":"Premio Internacional Luis Valtueña Fotografía Humanitaria"},"image":{"@id":"https:\/\/premioluisvaltuena.org\/#\/schema\/logo\/image\/"},"sameAs":["https:\/\/www.facebook.com\/premioluisvaltuena\/","https:\/\/www.instagram.com\/premioluisvaltuena\/","https:\/\/www.youtube.com\/playlist?list=PLXPK1-jJZbACLMAIKz7pej4avPCcdrmkn","https:\/\/es.wikipedia.org\/wiki\/Premio_Internacional_Luis_Valtueña_de_Fotografía_Humanitaria"]}]}</script>
<!-- / Yoast SEO plugin. -->

José Carlos Coelho - Child Handwork - Premio Luis Valtueña

Premio Luis Valtueña

Tras una dura jornada fabricando ladrillos, los niños no tienen tiempo para jugar. Se van a dormir: al día siguiente les espera otro día de trabajo. Esta fotografía fue tomada en Fonte Boa, Tete, en agosto de 2006, en el marco de un proyecto sobre el trabajo manual en Mozambique.

Premio Internacional Luis Valtueña Fotografía Humanitaria

https://es.wikipedia.org/wiki/Premio_Internacional_Luis_Valtueña_de_Fotografía_Humanitaria
