{"version":"1.0","provider_name":"Premio Luis Valtue\u00f1a","provider_url":"https:\/\/premioluisvaltuena.org\/en\/","author_name":"Nora Mora","author_url":"https:\/\/premioluisvaltuena.org\/en\/author\/eliett\/","title":"Segovia hosts the 25th anniversary exhibition of the Luis Valtue\u00f1a Award - Premio Luis Valtue\u00f1a","type":"rich","width":600,"height":338,"html":"<blockquote class=\"wp-embedded-content\" data-secret=\"kCfOat7UDI\"><a href=\"https:\/\/premioluisvaltuena.org\/en\/kioo-project-arts-for-social-change\/\">Segovia hosts the 25th anniversary exhibition of the Luis Valtue\u00f1a Award<\/a><\/blockquote><iframe sandbox=\"allow-scripts\" security=\"restricted\" src=\"https:\/\/premioluisvaltuena.org\/en\/kioo-project-arts-for-social-change\/embed\/#?secret=kCfOat7UDI\" width=\"600\" height=\"338\" title=\"&#8220;Segovia hosts the 25th anniversary exhibition of the Luis Valtue\u00f1a Award&#8221; &#8212; Premio Luis Valtue\u00f1a\" data-secret=\"kCfOat7UDI\" frameborder=\"0\" marginwidth=\"0\" marginheight=\"0\" scrolling=\"no\" class=\"wp-embedded-content\"><\/iframe><script type=\"text\/javascript\">\n\/* <![CDATA[ *\/\n\/*! This file is auto-generated *\/\n!function(d,l){\"use strict\";l.querySelector&&d.addEventListener&&\"undefined\"!=typeof URL&&(d.wp=d.wp||{},d.wp.receiveEmbedMessage||(d.wp.receiveEmbedMessage=function(e){var t=e.data;if((t||t.secret||t.message||t.value)&&!\/[^a-zA-Z0-9]\/.test(t.secret)){for(var s,r,n,a=l.querySelectorAll('iframe[data-secret=\"'+t.secret+'\"]'),o=l.querySelectorAll('blockquote[data-secret=\"'+t.secret+'\"]'),c=new RegExp(\"^https?:$\",\"i\"),i=0;i<o.length;i++)o[i].style.display=\"none\";for(i=0;i<a.length;i++)s=a[i],e.source===s.contentWindow&&(s.removeAttribute(\"style\"),\"height\"===t.message?(1e3<(r=parseInt(t.value,10))?r=1e3:~~r<200&&(r=200),s.height=r):\"link\"===t.message&&(r=new URL(s.getAttribute(\"src\")),n=new URL(t.value),c.test(n.protocol))&&n.host===r.host&&l.activeElement===s&&(d.top.location.href=t.value))}},d.addEventListener(\"message\",d.wp.receiveEmbedMessage,!1),l.addEventListener(\"DOMContentLoaded\",function(){for(var e,t,s=l.querySelectorAll(\"iframe.wp-embedded-content\"),r=0;r<s.length;r++)(t=(e=s[r]).getAttribute(\"data-secret\"))||(t=Math.random().toString(36).substring(2,12),e.src+=\"#?secret=\"+t,e.setAttribute(\"data-secret\",t)),e.contentWindow.postMessage({message:\"ready\",secret:t},\"*\")},!1)))}(window,document);\n\/\/# sourceURL=https:\/\/premioluisvaltuena.org\/wp-includes\/js\/wp-embed.min.js\n\/* ]]> *\/\n<\/script>\n","thumbnail_url":"https:\/\/premioluisvaltuena.org\/wp-content\/uploads\/2023\/04\/20230414_115819-scaled.jpg","thumbnail_width":2560,"thumbnail_height":1920,"description":"Since 1997, M\u00e9dicos del Mundo Espa\u00f1a has held the annual Luis Valtue\u00f1a International Humanitarian Photography Award, dedicated to the memory of Mercedes, Manuel, Flors and Luis, four aid workers from the NGO who were killed in Bosnia-Herzegovina (1995) and Rwanda (1997) while carrying out humanitarian aid work. Given that one of them was a professional"}

Premio Luis Valtueña

Segovia hosts the 25th anniversary exhibition of the Luis Valtueña Award - Premio Luis Valtueña

<blockquote class="wp-embedded-content" data-secret="kCfOat7UDI"><a href="https://premioluisvaltuena.org/en/kioo-project-arts-for-social-change/">Segovia hosts the 25th anniversary exhibition of the Luis Valtueña Award</a></blockquote><iframe sandbox="allow-scripts" security="restricted" src="https://premioluisvaltuena.org/en/kioo-project-arts-for-social-change/embed/#?secret=kCfOat7UDI" width="600" height="338" title="&#8220;Segovia hosts the 25th anniversary exhibition of the Luis Valtueña Award&#8221; &#8212; Premio Luis Valtueña" data-secret="kCfOat7UDI" frameborder="0" marginwidth="0" marginheight="0" scrolling="no" class="wp-embedded-content"></iframe><script type="text/javascript">
/* <![CDATA[ */
/*! This file is auto-generated */
!function(d,l){"use strict";l.querySelector&&d.addEventListener&&"undefined"!=typeof URL&&(d.wp=d.wp||{},d.wp.receiveEmbedMessage||(d.wp.receiveEmbedMessage=function(e){var t=e.data;if((t||t.secret||t.message||t.value)&&!/[^a-zA-Z0-9]/.test(t.secret)){for(var s,r,n,a=l.querySelectorAll('iframe[data-secret="'+t.secret+'"]'),o=l.querySelectorAll('blockquote[data-secret="'+t.secret+'"]'),c=new RegExp("^https?:$","i"),i=0;i<o.length;i++)o[i].style.display="none";for(i=0;i<a.length;i++)s=a[i],e.source===s.contentWindow&&(s.removeAttribute("style"),"height"===t.message?(1e3<(r=parseInt(t.value,10))?r=1e3:~~r<200&&(r=200),s.height=r):"link"===t.message&&(r=new URL(s.getAttribute("src")),n=new URL(t.value),c.test(n.protocol))&&n.host===r.host&&l.activeElement===s&&(d.top.location.href=t.value))}},d.addEventListener("message",d.wp.receiveEmbedMessage,!1),l.addEventListener("DOMContentLoaded",function(){for(var e,t,s=l.querySelectorAll("iframe.wp-embedded-content"),r=0;r<s.length;r++)(t=(e=s[r]).getAttribute("data-secret"))||(t=Math.random().toString(36).substring(2,12),e.src+="#?secret="+t,e.setAttribute("data-secret",t)),e.contentWindow.postMessage({message:"ready",secret:t},"*")},!1)))}(window,document);
//# sourceURL=https://premioluisvaltuena.org/wp-includes/js/wp-embed.min.js
/* ]]> */
</script>

Since 1997, Médicos del Mundo España has held the annual Luis Valtueña International Humanitarian Photography Award, dedicated to the memory of Mercedes, Manuel, Flors and Luis, four aid workers from the NGO who were killed in Bosnia-Herzegovina (1995) and Rwanda (1997) while carrying out humanitarian aid work. Given that one of them was a professional
